 - 3*r**2 - 3*r. Determine k(-2).
-30
Let l(a) = -a**3 - 2*a**2 + 11*a + 5. What is l(-4)?
-7
Let n(a) = -6*a - 12. Determine n(-4).
12
Let d(p) = 52*p + 199. Determine d(-4).
-9
Let j(w) = w**3 + 21*w**2 + 38*w + 9. Give j(-19).
9
Let x(y) = 2*y**2 + y. What is x(-3)?
15
Let j(p) = 3*p**3 + 3*p**2 + 2*p + 3. Calculate j(-2).
-13
Let m(c) = -c**3 + 3*c**2 + 5*c + 1. Calculate m(4).
5
Let q(w) = 5*w - 11. Determine q(3).
4
Let a(r) = 2*r + 11. What is a(6)?
23
Let n(o) = 6*o - 153. Give n(24).
-9
Let u(g) = g**2 - 8*g + 27. What is u(5)?
12
Let n(j) = -14*j + 2. Calculate n(-2).
30
Let n(g) = -2*g**2 - 2*g - 5. Calculate n(-2).
-9
Let h(v) = -12*v**3 + 2*v**2 - 4*v - 1. Give h(2).
-97
Let k(q) = -q**2 + 2. Calculate k(3).
-7
Let h(w) = 8*w + 15. Give h(8).
79
Let w(h) = h**2 - 11*h - 5. Calculate w(11).
-5
Let x(b) = -b**3 + 19*b**2 + 66*b + 14. Determine x(22).
14
Let w(k) = k**3 - 3*k**2 - 3*k - 16. Give w(5).
19
Let f(d) = -3*d + 3. Calculate f(3).
-6
Let z(b) = 6*b**2 - 6*b - 9. Give z(2).
3
Let w(b) = -b**2 + b + 11. What is w(5)?
-9
Let k(n) = n**3 + 4*n**2 + 3. Give k(-3).
12
Let q(v) = -v**2 - 15*v + 5. Determine q(-5).
55
Let z(t) = -2*t**2 + 4*t + 11. Determine z(5).
-19
Let h(n) = -n**3 + 9*n**2 - 11*n + 9. What is h(8)?
-15
Let n(i) = 2*i**3 + 10*i**2 + 3*i + 9. Determine n(-5).
-6
Let q(f) = -5*f + 7. What is q(7)?
-28
Let l(b) = -3*b - 1. Calculate l(-3).
8
Let z(p) = 9*p - 23. Give z(3).
4
Let n(f) = f**3 + 13*f**2 + 16*f + 6. Calculate n(-12).
-42
Let o(g) = -2*g**2 + 11*g + 1. What is o(8)?
-39
Let x(b) = -b + 10. Give x(4).
6
Let n(t) = -6*t - 37. Determine n(-5).
-7
Let f(r) = -4*r + 32. Calculate f(10).
-8
Let r(g) = -g**3 + 6*g**2 + 3*g + 11. Determine r(7).
-17
Let k(o) = o**3 + 8*o**2 + o - 8. Calculate k(-7).
34
Let j(f) = -f - 19. Calculate j(-18).
-1
Let z(k) = -6*k - 6. Give z(7).
-48
Let w(c) = -2*c + 60. What is w(29)?
2
Let r(i) = -i + 5. Calculate r(7).
-2
Let z(u) = u**3 + 9*u**2 + 7*u - 3. Determine z(-7).
46
Let j(i) = 2*i + 3. Calculate j(-5).
-7
Let i(h) = -h**3 + 10*h**2 - 11*h. Give i(8).
40
Let y(h) = -h**2 + 12*h - 5. Determine y(12).
-5
Let a(f) = 2*f - 89. Determine a(40).
-9
Let o(q) = q**2 - 8*q + 1. Give o(9).
10
Let a(t) = 15*t + 352. Determine a(-23).
7
Let x(p) = -8*p**3 + 2*p - 2. Give x(1).
-8
Let c(r) = -r**3 - 10*r**2 - 10*r - 10. Calculate c(-9).
-1
Let n(l) = l**3 + 18*l**2 - 27*l + 10. What is n(-19)?
162
Let c(v) = -v + 9. Determine c(5).
4
Let l(o) = o**3 + 5*o**2 + 5. What is l(-5)?
5
Let b(u) = -u**3 - 11*u**2 - 11*u + 3. What is b(-10)?
13
Let v(b) = b**2 - 15*b - 9. Calculate v(16).
7
Let l(o) = -8*o**2 - 2*o - 2. Determine l(-2).
-30
Let v(x) = -54*x + 963. Give v(18).
-9
Let x(a) = 3*a - 55. Give x(12).
-19
Let a(q) = q**3 + 11*q**2 + 12*q + 10. What is a(-8)?
106
Let s(f) = f**3 - 3*f**2 - 4. Calculate s(3).
-4
Let c(a) = a**2 + 17*a + 12. Give c(-14).
-30
Let h(r) = r - 1. What is h(-5)?
-6
Let c(f) = 2*f + 2. Give c(1).
4
Let a(v) = 4*v**3 - v. Give a(1).
3
Let j(u) = -2*u**3 + 4*u**2 + u - 12. Calculate j(-4).
176
Let h(p) = -p - 7. What is h(8)?
-15
Let m(t) = -2*t + 1. Calculate m(-5).
11
Let j(r) = r - 2. Give j(-9).
-11
Let c(w) = -2*w**2 - 6*w + 78. Calculate c(-7).
22
Let x(v) = -197*v - 989. Determine x(-5).
-4
Let v(u) = -2*u**2 + 7*u - 4. Give v(5).
-19
Let y(a) = 2*a**2 + 28*a - 1. Give y(-14).
-1
Let p(o) = o**3 + 5*o**2 + o - 3. Give p(-4).
9
Let s(u) = -u**2 + 5*u - 1. Determine s(7).
-15
Let z(q) = q**2 + 6*q - 34. Give z(4).
6
Let y(w) = -11*w + 257. Calculate y(23).
4
Let z(y) = 4*y - 8. Calculate z(-2).
-16
Let q(x) = -47*x**2 - x. Calculate q(1).
-48
Let m(i) = 10*i - 81. What is m(8)?
-1
Let g(i) = -18*i + 7. Calculate g(1).
-11
Let o(y) = y**3 - 11*y**2 + 12*y - 13. Calculate o(10).
7
Let p(q) = q**2 + 18*q - 12. Determine p(-18).
-12
Let w(h) = -h**3 + 33*h**2 + 70*h - 15. What is w(35)?
-15
Let g(m) = -m**2 + 2*m + 3. Give g(0).
3
Let f(p) = -90*p**3 + p**2 - p + 1. Give f(1).
-89
Let q(s) = s**3 + 6*s**2 - 8*s + 1. What is q(-7)?
8
Let v(d) = 36*d - 1. Determine v(1).
35
Let b(m) = m**3 - 3*m**2 - 8*m + 16. Give b(2).
-4
Let z(b) = b**2 + 2*b - 3. Determine z(0).
-3
Let r(s) = s**2 + 10*s + 9. Give r(-9).
0
Let d(f) = 3*f + 4. Give d(-12).
-32
Let p(b) = -b**3 - 2*b**2 + 4*b + 2. Calculate p(-3).
-1
Let w(u) = u**3 - 7*u**2 + 11*u - 7. Give w(5).
-2
Let q(d) = 2*d**2 - 5*d + 6. What is q(3)?
9
Let b(g) = g**3 - 9*g**2 + 7*g + 11. Determine b(8).
3
Let w(i) = 2*i**3 - 4*i**2 + 5*i - 4. Determine w(2).
6
Let g(i) = i**2 - i. Determine g(-2).
6
Let n(m) = -5*m**2 + 11*m + 10. Determine n(-1).
-6
Let j(l) = l**2 + 4*l + 1. What is j(-2)?
-3
Let u(g) = -2*g**2 - 28*g + 19. Determine u(-16).
-45
Let w(u) = -2*u**3 - 8*u**2 - 11*u - 22. What is w(-3)?
-7
Let v(n) = 2*n**2 - 52*n + 57. Determine v(25).
7
Let x(a) = 38*a**2 + a. Give x(-1).
37
Let c(g) = g**3 - g - 9. What is c(0)?
-9
Let s(v) = -v**2 + 11*v - 23. What is s(6)?
7
Let k(i) = -i**3 + 11*i**2 + i + 7. Calculate k(11).
18
Let o(h) = 2*h**2 + 4. What is o(-4)?
36
Let r(f) = -35*f**2 - f - 2. Give r(-1).
-36
Let t(i) = -i**3 + 14*i**2 - 13*i + 1. What is t(13)?
1
Let k(m) = -5*m - 2. Determine k(5).
-27
Let o(d) = -3*d - 12. What is o(-5)?
3
Let t(v) = v**3 - 8*v**2 + 3*v - 6. Give t(5).
-66
Let f(h) = 2*h + 9. What is f(-3)?
3
Let n(x) = x**2 - x - 14. Give n(-3).
-2
Let o(d) = 6*d - 6. What is o(2)?
6
Let m(f) = 2*f - 5. Determine m(9).
13
Let t(q) = -q**2 + 2*q - 4. Calculate t(2).
-4
Let r(z) = z**3 + 2*z**2 - 8*z - 2. Determine r(-3).
13
Let h(a) = a**3 + 3*a**2 + 23*a + 68. Determine h(-3).
-1
Let s(c) = -c**3 + 12*c**2 + 13*c - 8. Give s(13).
-8
Let l(r) = -r**2 - 11*r - 3. Give l(-7).
25
Let z(u) = 3*u**3 - 2*u**2 + 1. Calculate z(-1).
-4
Let n(a) = 5*a - 124. Calculate n(0).
-124
Let y(l) = 20*l**2 - 13*l. Calculate y(1).
7
Let s(a) = a**3 + 6*a - 32. Calculate s(5).
123
Let n(a) = -3*a**3 + a**2 + a - 2. Determine n(2).
-20
Let g(s) = -16*s. What is g(1)?
-16
Let w(j) = -2*j**2 - 7*j. Calculate w(-3).
3
Let s(q) = 6*q + 10. Calculate s(-6).
-26
Let o(c) = c**3 - 19*c**2 + 20*c - 35. Determine o(18).
1
Let h(t) = t**2 - 14*t - 37. Determine h(-3).
14
Let i(q) = q**2 + 6*q - 8. Calculate i(-7).
-1
Let w(j) = j**3 - 5*j**2 - 4*j - 7. Determine w(5).
-27
Let j(t) = -t**3 + 9*t**2 + 25*t - 11. Determine j(11).
22
Let u(l) = l**3 - 5*l**2 - 5*l + 8. Give u(6).
14
Let w(v) = -v**2 - 10*v + 11. Calculate w(-11).
0
Let s(k) = 5*k - 13. Give s(4).
7
Let g(m) = -3*m**2 + 3*m. What is g(3)?
-18
Let h(n) = n**2 + 9*n + 2. Calculate h(-9).
2
Let a(w) = w**3 - 6*w + 6. What is a(4)?
46
Let c(o) = -o**3 + 20*o**2 + 2*o - 19. Give c(20).
21
Let v(u) = -u**3 + 5*u**2 - 3*u + 4. Determine v(2).
10
Let m(q) = -q - 14. Give m(-9).
-5
Let y(x) = -36*x + 192. Give y(5).
12
Let a(t) = -t + 10. What is a(7)?
3
Let y(l) = 4*l + 31. What is y(-7)?
3
Let n(x) = -5*x**2 - 2*x - 1. Give n(4).
-89
Let g(i) = -i**3 - 2*i**2 + i - 93. What is g(0)?
-93
Let b(w) = w**2 + 3*w - 5. Calculate b(3).
13
Let j(t) = -3*t**2 + 8*t - 10. Determine j(-6).
-166
Let x(v) = v**3 + 12*v**2 + 10*v - 17. Determine x(-11).
-6
Let v(b) = -b**2 - 8*b - 11. Give v(-7).
-4
Let b(j) = -j**3 - 3*j**2 + 5*j - 1. Determine b(-4).
-5
Let n(u) = 11*u**2 - u. Calculate n(1).
10
Let o(y) = 3*y**3 - y**2 - 3*y - 1. Calculate o(-3).
-82
Let r(l) = -l**2 - 31*l + 137. Give r(4).
-3
Let p(h) = -3*h + 30. Determine p(0).
30
Let g(h) = 2*h**3 - 8*h**2 - 5*h + 7. Give g(4).
-13
Let m(i) = i**3 - 7*i**2 + 6*i - 2. What is m(6)?
-2
Let d(k) = k. Determine d(5).
5
Let f(r) = -r**3 + 18*r**2 + 63*r - 2. What is f(21)?
-2
Let a(r) = -r + 4. What is a(15)?
-11
Let j(a) = -a**3 + 5*a**2 + 2*a - 3. What is j(5)?
7
Let f(y) = -y**3 - 7*y**2 - 6*y - 14. Give f(-5).
-34
Let l(w) = -w + 50. Calculate l(-7).
57
Let s(p) = -2*p + 4. Give s(-2).
8
Let r(h) = -h**2 + 7*h + 15. Give r(9).
-3
Let a(g) = g**3 - 41*g**2 - 86*g - 3. Give a(43).
-3
Let i(r) = -r**3 + r**2 + r - 5. Calculate i(0).
-5
Let c(w) = w**2 - 5*w + 1. Calculate c(4).
-3
Let t(m) = -4*m**2 - 35*m - 17. What is t(-8)?
7
Let a(c) = c**2 - 17. What is a(-9)?
64
Let g(r) = -3*r**2 - 20*r. Give g(-9).
-63
Let h(l) = l**2 - 7*l + 5. Calculate h(4).
-7
Let t(m) = 7*m**3 + 2*m**2 - m + 1. Determine t(-2).
-45
Let 